t is the units digit of (-13)/13*(-236 + 3)?
3
Let w(k) = k**2 - 10*k + 61. What is the tens digit of w(-27)?
6
Suppose 7*g - 210 = 14*g. What is the tens digit of (-332)/(-2) - g/6?
7
Suppose 2*y = -3*y. Suppose -i - i - 2 = y. What is the units digit of i + 1 + 1 + 5?
6
Suppose 6 = -w - 3*y, w - 6 = -w + 3*y. Let f be (0/(-1))/(-1 - -2). Suppose w = -f*j - 2*j + 18. What is the units digit of j?
9
Let s(h) = h**2 + 16*h + 8. Let t(y) = 2*y**2 + 33*y + 17. Let q(u) = 5*s(u) - 2*t(u). Let f be q(-7). Let o = 13 - f. What is the tens digit of o?
5
Let l = -1044 + 1760. What is the tens digit of l?
1
Let w(v) be the second derivative of -2*v**5/5 - 5*v**4/12 - v**3 - 5*v**2/2 + 12*v. What is the hundreds digit of w(-3)?
1
Suppose 8*p = -421 + 69. What is the units digit of 86/6 - p/(-33)?
3
Let w(b) = 92*b**2 + 17*b + 9. What is the units digit of w(3)?
8
Let z be 0/(1*2/1). Suppose 7*r - 4*r - 27 = z. What is the units digit of r + 2 - (5 + -8)?
4
Let p(x) = 2 - 3*x + 1 - 11 - 5. Let z(q) = q**3 + 5*q**2 + 3*q + 1. Let v be z(-5). What is the units digit of p(v)?
9
Let g(p) be the first derivative of 4*p**3/3 + 5*p**2/2 - 3*p + 2. What is the units digit of g(4)?
1
Let w(g) = 2*g**2 - 3*g + 4. Let z be w(4). Let l(o) = 2*o**2 + z*o**2 + 4*o**2 + o**2. What is the units digit of l(1)?
1
Let x = -36 - -39. Suppose n = x*n - 130. What is the units digit of n?
5
Let n(m) = -2*m**2 + 67*m - 20. What is the units digit of n(25)?
5
Let p = -6908 + 9679. What is the tens digit of p?
7
Suppose 2*u = -c + 1648, -8*c + 11*c - 12 = 0. What is the tens digit of u?
2
Suppose -2685 = -4*x + 5*g - 336, g = x - 587. What is the tens digit of x?
8
Let j(f) = f**3 + 66*f**2 - 260*f - 85. What is the units digit of j(-69)?
2
Let r be ((-552)/(-42))/(2/7). Suppose r*a + 378 = 53*a. What is the tens digit of a?
5
Let u(r) = r**3 - 19*r**2 + 2*r + 8. Let s be u(19). Let y = -5 + s. What is the units digit of y?
1
Suppose 16*r + 4 = 17*r. Suppose -5*c = 4*f - 1635, -15*f = r*c - 10*f - 1299. What is the hundreds digit of c?
3
Let b be (-3 - (-7)/2)*(-848)/8. Let p = 262 + b. What is the tens digit of p?
0
Suppose -9*t + 8 = -7*t. Suppose -4*u - 28 = -2*k, 0 = 2*k + t*u - 36 - 0. Suppose 0 = -i + 5*y + 20, 3*y + k = i - 0. What is the units digit of i?
0
Suppose -4*u - 8 = 5*x, -21 - 2 = -u + 5*x. Let h be 27/(-12)*(-4)/u. Suppose 0 = -h*q - 2*r + 109, 17 + 3 = 4*r. What is the tens digit of q?
3
Let t = 4434 - 2787. What is the thousands digit of t?
1
Suppose 5*d + 4*c = 3*c + 47, -d - 5*c + 19 = 0. Suppose -3*m - 12 = -d*m. Suppose -3*k + 192 = -m*h + 5*h, -3*k + 193 = 4*h. What is the units digit of k?
3
Let w(t) = 3*t + 5. Let y be w(7). Suppose 0*a = -5*n - 2*a + y, 2*n = -a + 11. Suppose -n*p = 2*b - 6 - 26, 2*p = 2*b - 14. What is the units digit of b?
0
Suppose 0*p + 4*p - 4*q = -8, -5*p - 5*q = 20. What is the tens digit of (-665)/(-4) - p - 9/(-12)?
7
Let t(n) = n**3 + 5*n**2 - 7*n. Let p be t(-6). Let o be (1/(-2))/(5/20). What is the units digit of 93/p + 1/o?
5
Let s(z) be the second derivative of -1/6*z**3 + 1/4*z**4 - 2*z**2 + 0 - 2*z. What is the units digit of s(-3)?
6
What is the hundreds digit of (-8)/20*3205/(-2)?
6
Let n(a) = a + 19. Let u be 126/(-10) + (-2)/5. Let h be n(u). Suppose 5*c - h*c + 12 = 0. What is the units digit of c?
2
Let c = 5930 + -4231. What is the thousands digit of c?
1
Let c be (-2*3/12)/((-1)/6). Suppose 5*a = -3*v + 27, 5*v + c*a - 45 = -0*a. What is the units digit of v?
9
Let b(g) = 244*g + 81. What is the tens digit of b(7)?
8
Suppose 2*i - 1886 = 5*m, 2*i - 5*i + 5*m + 2824 = 0. Suppose 0 = -5*b + i + 257. What is the units digit of b?
9
Let k be (4 - -1 - 3)*(-2)/(-2). Suppose -708 = k*h - 6*h. What is the tens digit of h?
7
Let a = -106 - -268. Suppose -8*m = -4*m + 3*x - 213, 0 = -3*m - 3*x + a. Suppose 5*z - 36 = -2*i + 63, -2*z + 3*i + m = 0. What is the tens digit of z?
2
Let t = 70 - 40. Let i = -28 + t. Suppose 0 = -i*m + 19 + 5. What is the tens digit of m?
1
Let y = -2 + 4. Suppose -2*v + 1 = -a - 3, -y*a - 8 = 3*v. Suppose -t + 46 - 9 = v. What is the tens digit of t?
3
Suppose -3*n - 4*x - 33 + 10 = 0, 2*n - 5*x = 0. Let v(j) = -j**3 - 5*j**2 - 4*j - 6. Let c be v(n). What is the tens digit of c*3/6*2?
1
Let p be (9 - 10)/(1/(-4)). Suppose -2*b - 4*l - p = 0, -1 - 3 = -4*b - 5*l. Suppose 13 = q - b. What is the units digit of q?
9
Let j = -409 + 1019. What is the tens digit of j?
1
Let u = 662 - 345. What is the tens digit of u?
1
Suppose 2*a + 30 = 8*a. Suppose -l - 2*n + 28 = 2*l, 3*l = -a*n + 16. What is the units digit of l?
2
Let v = 69 + -9. Let d = -58 + v. What is the units digit of d?
2
Let h(s) = -2058*s + 198. What is the tens digit of h(-2)?
1
Let m(f) = 50*f**2 - 10*f - 68. What is the units digit of m(-6)?
2
Let n(v) = 31*v**3 - v**2 + v - 1. Suppose a - 2*m + 0*m = -10, -4*m = 2*a + 28. Let i be ((-2)/3)/(a/18). What is the units digit of n(i)?
0
Suppose d = -6*d + 14. Suppose d*q - 628 = -118. What is the hundreds digit of q?
2
Let c = 201 - 165. What is the units digit of c?
6
Let u(a) = a**2 - 10*a + 1584. What is the thousands digit of u(0)?
1
Let d = -406 + 503. What is the tens digit of d?
9
Let m(u) = 12*u**2 - 17*u + 16. What is the thousands digit of m(10)?
1
Suppose -106*h + 113*h - 17857 = 0. What is the hundreds digit of h?
5
Suppose 28 - 5 = 4*m + l, -14 = -m - 3*l. Suppose m*s - 76 = -6. Suppose -8 = 4*w, -4*o + s = -o - 4*w. What is the units digit of o?
2
Let p(s) be the first derivative of -s**4/4 + s**2/2 - 5. Let z(k) = -3*k**3 - 18*k**2 + 18*k - 2. Let u(y) = -2*p(y) + z(y). What is the tens digit of u(-19)?
5
Let k be (4/(-8))/(3/(-18)). Suppose -4*x + 148 = k*q, x - 5 = -5*q + 236. What is the tens digit of q?
4
What is the hundreds digit of (-56)/(((-120)/16)/15)?
1
Let d = 32 - 28. Suppose 45 = d*k - 111. What is the units digit of k?
9
Suppose -3*k - 5*g - 518 = -1285, 0 = -k - 4*g + 244. What is the tens digit of k?
6
Let v(u) = -u + 18. What is the tens digit of v(5)?
1
Let m(n) = 60*n. Let d be m(1). Suppose -3*p - 3*b + d = 0, 3*p - 3*b + 0*b = 78. Suppose 3*z = p + 55. What is the tens digit of z?
2
Let u(f) = f**3 + 16*f**2 + 8*f - 5. Let n = -37 - -22. What is the hundreds digit of u(n)?
1
Suppose 12 = -4*z + 6*z. Suppose z*q = q + 545. Let w = q + -74. What is the tens digit of w?
3
Let t(z) = 135*z**3 - 2*z**2 + 6*z - 4. What is the units digit of t(1)?
5
Suppose -3*c = 3*m, 0 = -c + 4*c - 2*m - 20. Suppose 3*v + 5*t = 367, 4*v - c*t = 102 + 334. What is the units digit of v?
4
Let m = -11 - -15. Suppose 0*i + 4*x - 29 = -3*i, m*x - 7 = -i. What is the tens digit of (i/(-3))/((-1)/3)?
1
Let y = 459 + -190. What is the tens digit of y?
6
Let d(r) = r + 13. Let c be d(0). Suppose -c*j + 2674 = j. What is the hundreds digit of j?
1
What is the hundreds digit of 2 + (-52150)/(-21) + (-2)/(-3)?
4
Let a(y) = -228*y**3 - y. Let p be a(-1). Let g = 393 - p. What is the units digit of g?
4
Let q = -48 + 118. What is the tens digit of q?
7
Let c = -1963 - -2807. What is the tens digit of c?
4
Suppose 3*z - 2*r - 38 = 0, 2*r = -0*r + 4. Let v = 22 + z. What is the units digit of v?
6
Suppose 23*j = 5815 - 1100. What is the hundreds digit of j?
2
Suppose -n - 2 = -5*i + 3*i, -14 = -5*n + 2*i. Suppose -4*u + 0*u + 3*v + 499 = 0, -n*u + 4*v = -496. What is the tens digit of u?
2
Suppose -7*k = -3*k + 4*r + 20, 3*k = -4*r - 17. What is the units digit of 67 + k + 1 + -3?
2
Let b = 30 - -38. What is the tens digit of (b/(-85))/(2/(-30))?
1
Let g(o) = -2 + 3*o**2 - 8*o + o + 5*o + 0*o. Let x be g(-1). Let a(n) = 4*n**2 - 3*n - 2. What is the units digit of a(x)?
5
Let u = 16 + -46. Let b be (24/u)/(2/5). What is the units digit of b/(-1) - 2/(-2)?
3
Suppose -x + 147 = -2*q + 3*q, 4*x = -2*q + 582. What is the tens digit of x?
4
Let i(r) = r**3 - 3*r**2 - 9*r - 12. What is the tens digit of i(14)?
1
What is the hundreds digit of 4/34 + (-1628608)/(-1088)?
4
Let m be (-3 - (-86)/10)*5. Suppose 0*n = 4*n - m. Let u = 13 + n. What is the units digit of u?
0
What is the thousands digit of (-24030)/12*-4*3/15?
1
Suppose -6*f + 1 = -5. What is the units digit of (f - -48)/(3/6)?
8
Let c be (-2)/(-6) + (-10)/30. Let l be (c - 3/(-3))*2. Suppose 5*u + 71 = 3*b, -u + l = -0. What 